e units digit of s?
1
Let n(z) = z**3 - 17*z**2 + 8*z + 71. What is the units digit of n(37)?
7
Let t(o) be the third derivative of o**6/60 - o**5/15 + o**4/3 - 4*o**3/3 + 22*o**2. Let n be t(4). What is the units digit of 12/36 + n/6?
5
Suppose -114*m = -329590 - 135986. What is the units digit of m?
4
Suppose -16*p + 15 = -11*p. Suppose -p*x + 8*x - 20 = 5*o, 4 = 2*x - o. Suppose 5*i - 5*r = -0*i + 90, x = -i + 2*r + 21. What is the units digit of i?
5
Suppose 0 = 3*y - 49 - 50. Let a = y - 28. What is the tens digit of 456/20 - (-1)/a?
2
Suppose 0 = 9*r + 1967 - 57263. What is the units digit of r?
4
Let v(a) = 13*a**3 - 11*a**2 - 14*a + 1. Let c(o) = 6*o**3 - 5*o**2 - 7*o. Let b be 5/(-2)*8/(-5). Let n(g) = b*v(g) - 9*c(g). What is the tens digit of n(-5)?
4
Let a(i) = i**2 - 3*i - 20. Let x = 48 + -42. Let o be a(x). What is the units digit of 17*o/((-6)/3)?
7
What is the hundreds digit of 17792/(-6)*(-11)/((-462)/(-63))?
4
Suppose -686988 + 1303047 = 197*v - 1414617. What is the hundreds digit of v?
3
Let o(l) = 13*l**3 + 7*l**2 - 23*l - 89. What is the hundreds digit of o(9)?
7
Let k(w) = w**3 + 9*w**2 + w - 21. Let u be k(-7). Let b = 214 - u. What is the units digit of b?
4
Let k be (8/(-6))/(1/6). What is the units digit of ((2/1)/k)/((-11)/176)?
4
What is the units digit of (((4 - 4)/7 + -5523)*-1)/1?
3
Let i(w) = w**3 + 10*w**2 + w - 73. Let r be i(-9). What is the hundreds digit of r/(((-21)/75)/7)*10?
2
Suppose -k - 3*l = -3, 2*l = 3*k - 5*k + 10. Suppose 0 = -y - 7 + k. Let n(s) = 35*s**2 - 4*s - 4. What is the tens digit of n(y)?
3
What is the hundreds digit of 1/((-1)/(-49020)*12)?
0
Suppose -6 + 0 = 4*p - 3*y, 4*p + 5*y - 10 = 0. Suppose p = -7*x - 76 + 20. Let w(n) = n**3 + 9*n**2 + n + 10. What is the units digit of w(x)?
6
Suppose -79*b = -85*b + 1020. Let g = b - 51. What is the units digit of g?
9
Let p(b) = -2 + 14*b**2 + 5*b - 6*b - 13*b**2 + 64*b**3. Let j be p(2). Suppose 0*z - j = -4*z. What is the tens digit of z?
2
Let c = 4896 - 2863. What is the thousands digit of c?
2
Let h = -596 + 962. What is the tens digit of 6/(-30) + h/5?
7
Let h be (-2 - -2)/(-1 - -3) + -28. Let t = 52 - 234. Let i = h - t. What is the hundreds digit of i?
1
Let u(w) = 11*w**2 + 26*w + 103. Let d be u(-6). Let i = 266 + d. What is the units digit of i?
9
Suppose -7 = 13*f - 150. Suppose 3*l + 1608 = f*l. Let u = -117 + l. What is the tens digit of u?
8
Let l = 564 - 88. Let k = 699 - l. What is the hundreds digit of k?
2
Suppose 26*j = 30*j - 20. Suppose j*c - 2233 = -2*d, -3*d - 878 = 5*c - 7*c. What is the tens digit of c?
4
Suppose 4*g - 2*c + 18 = 0, -2*g - 19 = -5*g - 5*c. What is the tens digit of g/((-4)/(-14)) - -1121?
1
Let h = 598 + -612. Let i(a) = -59*a + 81. What is the hundreds digit of i(h)?
9
Suppose i = -4*c + 4*i + 17, i - 5 = 0. Suppose -4*t + 55 = -y + 296, 4*t = c. Let g = 445 - y. What is the tens digit of g?
9
Suppose 2*d - 5*k + 12 = -0*d, -4*k = -5*d - 30. Let c = 15 + d. Suppose 0 = 4*o - 3*n - 487, c - 29 = 4*n. What is the tens digit of o?
1
Let i(t) = -82*t**3 + t**2 - 2*t - 2. Suppose 3*b + 4*u - 10 = 0, u + 0*u + 2 = -3*b. Let n be -2*b*5/(-20). What is the units digit of i(n)?
3
Suppose l + 2630 = 3*n, -8*l + 3*l - 2614 = -3*n. Let m = n + -518. What is the hundreds digit of m?
3
Let a be (9/6)/(36/1704). Suppose -3*l + 5*j = -4*l + 71, l - 5*j - a = 0. What is the tens digit of l?
7
Let c(j) be the third derivative of 43/6*j**3 - 20*j**2 + 1/24*j**4 + 0 + 0*j - 1/30*j**5. What is the tens digit of c(0)?
4
Let l be 440/66*888/10. Let p = 902 - l. What is the units digit of p?
0
Suppose -68*w - 4377960 = -140*w. What is the ten thousands digit of w?
6
Suppose -x + 4*a + 16122 = 0, 5*x + 2*a + 16126 = 6*x. What is the hundreds digit of x?
1
What is the tens digit of 9125 - (5 - (-210)/(-15))?
3
Suppose 2032*n - 2033*n + 8792 = 0. What is the tens digit of n?
9
Suppose 0 = 81*s - 64*s - 901. Suppose 0 = -49*d + s*d - 2484. What is the hundreds digit of d?
6
Let y be ((-20)/8 + 2)*-6. Suppose 0 = j - 3*m - 108, y*j + 2*m = -2*m + 285. Suppose 0 = -2*f + 71 + j. What is the tens digit of f?
8
Let g = 30 - 27. Suppose 0 = -g*p + b + 8, -b - 5 = -6*b. Suppose l - 42 = -p*d, -4*l - 5*d + 7 = -161. What is the tens digit of l?
4
Let g(h) = -19 - 57*h - 14 - 10 + 44. What is the units digit of g(-5)?
6
Let p(f) = f**3 - 31*f**2 + 21*f - 26. Let t be p(31). Suppose 583*s - t = 582*s. What is the tens digit of s?
2
Let d(m) = -m**2 - 14*m + 30. Let a be d(-15). What is the hundreds digit of (-3500)/(-16) + a/(-20)?
2
Let n = 19024 - 10194. What is the hundreds digit of n?
8
Let v = 61349 - 30095. What is the hundreds digit of v?
2
Let c = -5014 - -9772. What is the hundreds digit of c?
7
Let h(o) = o**3 + 3*o**2 - 357*o + 73. What is the thousands digit of h(27)?
2
Let b be 4/3 - (-67)/(-3). Let a = b - -13. Let u = -3 - a. What is the units digit of u?
5
Suppose 4*l - 3*j = 7*l - 60, 3*l - 5*j = 84. Let t(k) = 13*k + 116. What is the tens digit of t(l)?
1
Suppose 201*p - 226*p + 384089 = -126686. What is the ten thousands digit of p?
2
Let q = 6110 - -445. What is the hundreds digit of q?
5
Suppose 2*m + 0*m = -5*i + 172, m = -4. Let g = -33 + i. What is the units digit of g*(2 - 1) + 147?
0
Let o = -77 - -79. What is the units digit of 1475/5 + -3 + o?
4
Suppose 30*p - 2*n - 12392 = 26*p, -4*p + n + 12394 = 0. What is the thousands digit of p?
3
Suppose 0 = -4*v + 1239 + 2037. Let n = v - 86. What is the hundreds digit of n?
7
Suppose -4*z - 5*i + 119 = 0, z + 2*i = 13 + 16. Suppose z*g = 22*g + 3663. What is the hundreds digit of g?
4
Let b be (-2)/7 + 48/21. Suppose b*y - 27 = 5*k, -2*y - 3*y + 15 = 5*k. Suppose -t + 2*p + 167 = 0, -4*t - 2*p = -y*p - 648. What is the units digit of t?
7
Let m(n) = 32723*n + 41. What is the hundreds digit of m(1)?
7
Suppose 3*z - 79893 - 59961 = c, 0 = 2*c + 18. What is the ten thousands digit of z?
4
Suppose -6*a = -8*a + 15*a - 96707. What is the hundreds digit of a?
4
Suppose 52*r = -24*r - 9*r + 666995. What is the units digit of r?
7
Let a(u) = -u**3 - 20*u**2 - 8*u - 11. Let k(b) = b**2 - b - 1. Let z(r) = -a(r) - 6*k(r). Let f be z(-13). What is the units digit of f/(-4)*(-1 + -22)?
3
What is the hundreds digit of 273234/33 - 68/(-374)?
2
Suppose -10011 = -11*j + 53239. What is the tens digit of j?
5
Let m(h) = 149*h**2 - 617*h - 177. What is the ten thousands digit of m(22)?
5
Let t be (-1)/2*108/(-3). Let z = -18 + t. Suppose z*j = 5*j - 190. What is the units digit of j?
8
Let w be (-104874)/(4 - (-20)/(-4)). What is the tens digit of (2/4)/(77/w)?
8
Let u(v) = -v**3 + 9*v**2 + 8*v + 23. Suppose -4*n + 3*n + 10 = 0. Let h be u(n). Suppose -6 = -3*x, h*x = -3*q - 11 + 149. What is the tens digit of q?
4
Let x(h) = -4 - 35*h - 38*h - 41*h + 118*h. Let a be x(1). Suppose -4*d - 2*k + 7*k + 313 = a, -386 = -5*d + k. What is the units digit of d?
7
Let q(s) = 5*s - 18. Let b be q(5). Suppose 0 = b*v + 164 - 52. What is the units digit of ((-4)/v)/(4/1264)?
9
Suppose -6*f - 19*f + 125 = 0. Suppose v + f*b = 424, -3 = -b - 0*b. What is the units digit of v?
9
Let n be (-3)/(-9)*20232/6. Suppose n = -210*v + 214*v. What is the hundreds digit of v?
2
Let h = 31354 - 10192. What is the units digit of h?
2
Let h = 309 - 519. Let a be (h/45)/(2/(-84)). Suppose 6*l - a = 2*l. What is the tens digit of l?
4
Let q = 44 + -36. Suppose -28 = 4*v - q*v. Suppose 2*k - v*k + 20 = 0. What is the units digit of k?
4
Let r = 382 + -387. What is the tens digit of 36/r*(7 + 218/(-4))?
4
Let f(m) = 6*m**2 + 39*m - 1601. What is the hundreds digit of f(43)?
1
Let c(q) = -6*q**3 + 4*q**2 - 24*q - 7. Suppose -35*h + 36 = -41*h. What is the hundreds digit of c(h)?
5
Let l = 9952 + -10113. Let m = -5 - -3. What is the tens digit of -3 - ((-2 - m) + l)?
5
Suppose 3*x + 131*u - 127*u - 100607 = 0, 2*x - 4*u - 67098 = 0. What is the tens digit of x?
4
Let g(v) = -2*v**2 + 82*v + 39. Let t(i) = -i**2 + 41*i + 20. Let y(s) = 4*g(s) - 7*t(s). What is the hundreds digit of y(26)?
4
Suppose -3*s + 3*w + 324 = 909, -5*s + 2*w = 960. Let n = -79 - s. Suppose -n = 13*c - 14*c. What is the tens digit of c?
1
Let o = 9989 - 5279. What is the hundreds digit of o?
7
Suppose -4*t = 5*t + 9. Let j be 2249/4 + t/4